{"id":26,"date":"2020-09-26T13:33:22","date_gmt":"2020-09-26T11:33:22","guid":{"rendered":"http:\/\/menorcalplat.com\/joventut\/?page_id=26"},"modified":"2020-10-13T11:38:17","modified_gmt":"2020-10-13T09:38:17","slug":"politica-de-privadesa-a-les-xarxes-socials","status":"publish","type":"page","link":"https:\/\/menorcalplat.com\/joventut\/politica-de-privadesa-a-les-xarxes-socials\/","title":{"rendered":"Pol\u00edtica de privadesa a les xarxes socials"},"content":{"rendered":"\n<p>La confidencialitat i la seguretat s\u00f3n dos dels nostres valors primordials\u00a0 i, en conseq\u00fc\u00e8ncia, assumim el comprom\u00eds de garantir la privadesa de l&#8217;usuari en tot moment i de no recaptar informaci\u00f3 innecess\u00e0ria. A continuaci\u00f3, li proporcionem tota la informaci\u00f3 necess\u00e0ria sobre la nostra Pol\u00edtica de privadesa en relaci\u00f3 amb les dades personals que recaptem, explicant-li:<\/p>\n\n\n\n<ul class=\"wp-block-list\"><li>Qui \u00e9s el responsable del tractament de les seves dades.<\/li><li>Per a quines finalitats recaptem les dades que li sol\u00b7licitem.<\/li><li>Quina \u00e9s la legitimaci\u00f3 per al seu tractament.<\/li><li>Durant quant de temps els conservem.<\/li><li>A quins destinataris es comuniquen les seves dades.<\/li><li>Quins s\u00f3n els seus drets.<\/li><\/ul>\n\n\n\n<h2 class=\"wp-block-heading\">Responsable<\/h2>\n\n\n\n<p>Associaci\u00f3 Leader Illa de Menorca, (G57111833)<br>Carretera Ma\u00f3 \u2013 Es Grau, km 0,5<br>07700\u00a0\u2013 Ma\u00f3\u00a0(Menorca)<br><a href=\"mailto:lea&#100;&#101;&#114;.menorca&#64;&#99;i&#109;&#101;.&#101;s\">le&#97;der&#46;&#109;&#101;n&#111;&#114;&#99;&#97;&#64;cim&#101;.&#101;&#115;<\/a><\/p>\n\n\n\n<h2 class=\"wp-block-heading\">Finalitats, legitimaci\u00f3 i conservaci\u00f3 dels tractaments de les dades enviades a trav\u00e9s de:<\/h2>\n\n\n\n<p><strong>FORMULARI DE CONTACTE<\/strong><\/p>\n\n\n\n<ul class=\"wp-block-list\"><li>Finalitat: Facilitar-li un mitj\u00e0 perqu\u00e8 pugui posar-se en contacte amb nosaltres i contestar a les seves sol\u00b7licituds d&#8217;informaci\u00f3, aix\u00ed com enviar-li comunicacions dels nostres productes, serveis i activitats, inclusivament per mitjans electr\u00f2nics (Correu electr\u00f2nic, SMS,&nbsp;WhatsApp), si marca la casella d&#8217;acceptaci\u00f3.<\/li><li>Legitimaci\u00f3: El consentiment de l&#8217;usuari en sol\u00b7licitar-nos informaci\u00f3 a trav\u00e9s del nostre formulari de contactes i en marcar la casella d&#8217;acceptaci\u00f3 d&#8217;enviament d&#8217;informaci\u00f3.<\/li><li>Conservaci\u00f3: Una vegada resulta la seva sol\u00b7licitud per mitj\u00e0 del nostre formulari o contestada per correu electr\u00f2nic, si no ha generat un nou tractament, i en cas d&#8217;haver acceptat rebre enviaments comercials, fins que sol\u00b7liciti la baixa dels mateixos.<\/li><\/ul>\n\n\n\n<p><strong>ENVIAMENT DE CORREUS ELECTR\u00d2NICS<\/strong><\/p>\n\n\n\n<ul class=\"wp-block-list\"><li>Finalitat: Contestar a les seves sol\u00b7licituds d&#8217;informaci\u00f3, atendre les seves peticions i respondre les seves consultes o dubtes.<\/li><li>Legitimaci\u00f3: El consentiment de l&#8217;usuari en sol\u00b7licitar-nos informaci\u00f3 a trav\u00e9s de l&#8217;adre\u00e7a de correu electr\u00f2nic.<\/li><li>Conservaci\u00f3: Una vegada resulta contestada la seva petici\u00f3 per correu electr\u00f2nic, si no ha generat un nou tractament.<\/li><\/ul>\n\n\n\n<h2 class=\"wp-block-heading\">Destinataris de les seves dades<\/h2>\n\n\n\n<p>Les seves dades s\u00f3n confidencials i no se cediran a tercers, tret que es requereixi per gestionar els serveis contractats o que existeixi obligaci\u00f3 legal.<\/p>\n\n\n\n<h2 class=\"wp-block-heading\">Drets en relaci\u00f3 amb les seves dades personals<\/h2>\n\n\n\n<p>Qualsevol persona pot retirar el seu consentiment a qualsevol moment, quan el mateix s&#8217;hagi atorgat per al tractament de les seves dades. En cap cas, la retirada d&#8217;aquest consentiment condiciona l&#8217;execuci\u00f3 del contracte de subscripci\u00f3 o les relacions generades amb anterioritat.<br>Igualment, pot exercir els seg\u00fcents drets:<\/p>\n\n\n\n<ul class=\"wp-block-list\"><li>Sol\u00b7licitar l&#8217;acc\u00e9s a les seves dades personals o la seva rectificaci\u00f3 quan siguin inexactes.<\/li><li>Sol\u00b7licitar la seva supressi\u00f3 quan, entre altres motius, les dades ja no siguin necess\u00e0ries per a les finalitats pels quals van ser recollides.<\/li><li>Sol\u00b7licitar la limitaci\u00f3 del seu tractament en determinades circumst\u00e0ncies.<\/li><li>Sol\u00b7licitar l&#8217;oposici\u00f3 al tractament de les seves dades per motius relacionats amb la seva situaci\u00f3 particular.<\/li><li>Sol\u00b7licitar la portabilitat de les dades en els casos previstos a la normativa.<\/li><li>Altres drets reconeguts en les normatives aplicables.<\/li><\/ul>\n\n\n\n<p>On i com sol\u00b7licitar els seus Drets: Mitjan\u00e7ant un escrit dirigit al responsable a la seva adre\u00e7a postal o electr\u00f2nica (indicades a l&#8217;apartat A), indicant la referencia \u201cDades Personals\u201d, especificant el dret que es vol exercir i respecte a quines dades personals.<\/p>\n\n\n\n<p>En cas de diverg\u00e8ncies amb l&#8217;empresa en relaci\u00f3 amb el tractament de les seves dades, pot presentar una reclamaci\u00f3 davant l&#8217;Autoritat de Protecci\u00f3 de Dades (<a href=\"http:\/\/www.agpd.es\/\" target=\"_blank\" rel=\"noreferrer noopener\">www.agpd.es<\/a>).<\/p>\n\n\n\n<h2 class=\"wp-block-heading\">Cookies<\/h2>\n\n\n\n<p>Aquesta p\u00e0gina web, \u00fanicament utilitza\u00a0cookies t\u00e8cniques, de personalitzaci\u00f3 i an\u00e0lisi, pr\u00f2pies i de tercers, que en cap cas tracten dades de car\u00e0cter personal ni capten h\u00e0bits de navegaci\u00f3 per a finalitats publicit\u00e0ries.<\/p>\n\n\n\n<p>Per aix\u00f2, en accedir a la nostra web, en compliment de l&#8217;article 22 de la Llei de Serveis de la Societat de la Informaci\u00f3, en tractar&nbsp;cookies d&#8217;an\u00e0lisi, li hem sol\u00b7licitat el seu consentiment per al seu \u00fas i facilitat informaci\u00f3 de les mateixes, que en tot cas s&#8217;instal\u00b7laran passat un termini de temps prudencial perqu\u00e8 l&#8217;usuari tingui temps de decidir prestar el seu consentiment o no.<\/p>\n\n\n\n<h2 class=\"wp-block-heading\">Seguretat de les seves dades personals<\/h2>\n\n\n\n<p>Amb l&#8217;objectiu de salvaguardar la seguretat de les seves dades personals, l\u2019informem que hem adoptat totes les mesures t\u00e8cniques i organitzatives necess\u00e0ries per garantir la seguretat de les dades personals subministrades de la seva alteraci\u00f3, p\u00e8rdua, i tractaments o accessos no autoritzats.<\/p>\n\n\n\n<h2 class=\"wp-block-heading\">Actualitzaci\u00f3 de les seves dades<\/h2>\n\n\n\n<p>\u00c9s important que perqu\u00e8 puguem mantenir les seves dades personals actualitzades, ens informi sempre que hi hagi hagut alguna modificaci\u00f3 en ells, en cas contrari, no respondrem de la veracitat dels mateixos.<\/p>\n\n\n\n<p>No ens fem responsables de la pol\u00edtica de privadesa respecte a les dades personals que pugui facilitar a tercers per mitj\u00e0 dels enlla\u00e7os disponibles a la nostra p\u00e0gina web.<\/p>\n\n\n\n<p>La present Pol\u00edtica de Privadesa pot ser modificada per adaptar-les als canvis que es produeixin al nostre web, aix\u00ed com modificacions legislatives o jurisprudencials sobre dades personals que vagin apareixent, per la qual cosa exigeix la seva lectura, cada vegada que ens faciliti les seves dades a trav\u00e9s d&#8217;aquesta Web.<\/p>\n","protected":false},"excerpt":{"rendered":"<p>La confidencialitat i la seguretat s\u00f3n dos dels nostres valors primordials\u00a0 i, en conseq\u00fc\u00e8ncia, assumim el comprom\u00eds de garantir la privadesa de l&#8217;usuari en tot moment i de no recaptar informaci\u00f3 innecess\u00e0ria. A continuaci\u00f3, li proporcionem tota la informaci\u00f3 necess\u00e0ria sobre la nostra Pol\u00edtica de privadesa en relaci\u00f3 amb les dades personals que recaptem, explicant-li:&hellip;<\/p>\n","protected":false},"author":1,"featured_media":0,"parent":0,"menu_order":0,"comment_status":"closed","ping_status":"closed","template":"template-legal.php","meta":{"_acf_changed":false,"footnotes":""},"class_list":["post-26","page","type-page","status-publish","hentry"],"acf":[],"yoast_head":"<!-- This site is optimized with the Yoast SEO plugin v23.6 - https:\/\/yoast.com\/wordpress\/plugins\/seo\/ -->\n<title>Pol\u00edtica de privadesa a les xarxes socials - Menorca al plat<\/title>\n<meta name=\"robots\" content=\"index, follow, max-snippet:-1, max-image-preview:large, max-video-preview:-1\" \/>\n<link rel=\"canonical\" href=\"https:\/\/menorcalplat.com\/joventut\/politica-de-privadesa-a-les-xarxes-socials\/\" \/>\n<meta property=\"og:locale\" content=\"ca_ES\" \/>\n<meta property=\"og:type\" content=\"article\" \/>\n<meta property=\"og:title\" content=\"Pol\u00edtica de privadesa a les xarxes socials - Menorca al plat\" \/>\n<meta property=\"og:description\" content=\"La confidencialitat i la seguretat s\u00f3n dos dels nostres valors primordials\u00a0 i, en conseq\u00fc\u00e8ncia, assumim el comprom\u00eds de garantir la privadesa de l&#8217;usuari en tot moment i de no recaptar informaci\u00f3 innecess\u00e0ria. A continuaci\u00f3, li proporcionem tota la informaci\u00f3 necess\u00e0ria sobre la nostra Pol\u00edtica de privadesa en relaci\u00f3 amb les dades personals que recaptem, explicant-li:&hellip;\" \/>\n<meta property=\"og:url\" content=\"https:\/\/menorcalplat.com\/joventut\/politica-de-privadesa-a-les-xarxes-socials\/\" \/>\n<meta property=\"og:site_name\" content=\"Menorca al plat\" \/>\n<meta property=\"article:modified_time\" content=\"2020-10-13T09:38:17+00:00\" \/>\n<meta name=\"twitter:card\" content=\"summary_large_image\" \/>\n<meta name=\"twitter:label1\" content=\"Temps estimat de lectura\" \/>\n\t<meta name=\"twitter:data1\" content=\"4 minuts\" \/>\n<script type=\"application\/ld+json\" class=\"yoast-schema-graph\">{\"@context\":\"https:\/\/schema.org\",\"@graph\":[{\"@type\":\"WebPage\",\"@id\":\"https:\/\/menorcalplat.com\/joventut\/politica-de-privadesa-a-les-xarxes-socials\/\",\"url\":\"https:\/\/menorcalplat.com\/joventut\/politica-de-privadesa-a-les-xarxes-socials\/\",\"name\":\"Pol\u00edtica de privadesa a les xarxes socials - Menorca al plat\",\"isPartOf\":{\"@id\":\"https:\/\/menorcalplat.com\/joventut\/es\/#website\"},\"datePublished\":\"2020-09-26T11:33:22+00:00\",\"dateModified\":\"2020-10-13T09:38:17+00:00\",\"inLanguage\":\"ca\",\"potentialAction\":[{\"@type\":\"ReadAction\",\"target\":[\"https:\/\/menorcalplat.com\/joventut\/politica-de-privadesa-a-les-xarxes-socials\/\"]}]},{\"@type\":\"WebSite\",\"@id\":\"https:\/\/menorcalplat.com\/joventut\/es\/#website\",\"url\":\"https:\/\/menorcalplat.com\/joventut\/es\/\",\"name\":\"Menorca al plat\",\"description\":\"de la joventut\",\"potentialAction\":[{\"@type\":\"SearchAction\",\"target\":{\"@type\":\"EntryPoint\",\"urlTemplate\":\"https:\/\/menorcalplat.com\/joventut\/es\/?s={search_term_string}\"},\"query-input\":{\"@type\":\"PropertyValueSpecification\",\"valueRequired\":true,\"valueName\":\"search_term_string\"}}],\"inLanguage\":\"ca\"}]}<\/script>\n<!-- \/ Yoast SEO plugin. -->","yoast_head_json":{"title":"Pol\u00edtica de privadesa a les xarxes socials - Menorca al plat","robots":{"index":"index","follow":"follow","max-snippet":"max-snippet:-1","max-image-preview":"max-image-preview:large","max-video-preview":"max-video-preview:-1"},"canonical":"https:\/\/menorcalplat.com\/joventut\/politica-de-privadesa-a-les-xarxes-socials\/","og_locale":"ca_ES","og_type":"article","og_title":"Pol\u00edtica de privadesa a les xarxes socials - Menorca al plat","og_description":"La confidencialitat i la seguretat s\u00f3n dos dels nostres valors primordials\u00a0 i, en conseq\u00fc\u00e8ncia, assumim el comprom\u00eds de garantir la privadesa de l&#8217;usuari en tot moment i de no recaptar informaci\u00f3 innecess\u00e0ria. A continuaci\u00f3, li proporcionem tota la informaci\u00f3 necess\u00e0ria sobre la nostra Pol\u00edtica de privadesa en relaci\u00f3 amb les dades personals que recaptem, explicant-li:&hellip;","og_url":"https:\/\/menorcalplat.com\/joventut\/politica-de-privadesa-a-les-xarxes-socials\/","og_site_name":"Menorca al plat","article_modified_time":"2020-10-13T09:38:17+00:00","twitter_card":"summary_large_image","twitter_misc":{"Temps estimat de lectura":"4 minuts"},"schema":{"@context":"https:\/\/schema.org","@graph":[{"@type":"WebPage","@id":"https:\/\/menorcalplat.com\/joventut\/politica-de-privadesa-a-les-xarxes-socials\/","url":"https:\/\/menorcalplat.com\/joventut\/politica-de-privadesa-a-les-xarxes-socials\/","name":"Pol\u00edtica de privadesa a les xarxes socials - Menorca al plat","isPartOf":{"@id":"https:\/\/menorcalplat.com\/joventut\/es\/#website"},"datePublished":"2020-09-26T11:33:22+00:00","dateModified":"2020-10-13T09:38:17+00:00","inLanguage":"ca","potentialAction":[{"@type":"ReadAction","target":["https:\/\/menorcalplat.com\/joventut\/politica-de-privadesa-a-les-xarxes-socials\/"]}]},{"@type":"WebSite","@id":"https:\/\/menorcalplat.com\/joventut\/es\/#website","url":"https:\/\/menorcalplat.com\/joventut\/es\/","name":"Menorca al plat","description":"de la joventut","potentialAction":[{"@type":"SearchAction","target":{"@type":"EntryPoint","urlTemplate":"https:\/\/menorcalplat.com\/joventut\/es\/?s={search_term_string}"},"query-input":{"@type":"PropertyValueSpecification","valueRequired":true,"valueName":"search_term_string"}}],"inLanguage":"ca"}]}},"_links":{"self":[{"href":"https:\/\/menorcalplat.com\/joventut\/wp-json\/wp\/v2\/pages\/26"}],"collection":[{"href":"https:\/\/menorcalplat.com\/joventut\/wp-json\/wp\/v2\/pages"}],"about":[{"href":"https:\/\/menorcalplat.com\/joventut\/wp-json\/wp\/v2\/types\/page"}],"author":[{"embeddable":true,"href":"https:\/\/menorcalplat.com\/joventut\/wp-json\/wp\/v2\/users\/1"}],"replies":[{"embeddable":true,"href":"https:\/\/menorcalplat.com\/joventut\/wp-json\/wp\/v2\/comments?post=26"}],"version-history":[{"count":2,"href":"https:\/\/menorcalplat.com\/joventut\/wp-json\/wp\/v2\/pages\/26\/revisions"}],"predecessor-version":[{"id":513,"href":"https:\/\/menorcalplat.com\/joventut\/wp-json\/wp\/v2\/pages\/26\/revisions\/513"}],"wp:attachment":[{"href":"https:\/\/menorcalplat.com\/joventut\/wp-json\/wp\/v2\/media?parent=26"}],"curies":[{"name":"wp","href":"https:\/\/api.w.org\/{rel}","templated":true}]}}

Política de privadesa a les xarxes socials

<p>La confidencialitat i la seguretat són dos dels nostres valors primordials  i, en conseqüència, assumim el compromís de garantir la privadesa de l&#8217;usuari en tot moment i de no recaptar informació innecessària. A continuació, li proporcionem tota la informació necessària sobre la nostra Política de privadesa en relació amb les dades personals que recaptem, explicant-li:</p>



<ul class="wp-block-list"><li>Qui és el responsable del tractament de les seves dades.</li><li>Per a quines finalitats recaptem les dades que li sol·licitem.</li><li>Quina és la legitimació per al seu tractament.</li><li>Durant quant de temps els conservem.</li><li>A quins destinataris es comuniquen les seves dades.</li><li>Quins són els seus drets.</li></ul>



<h2 class="wp-block-heading">Responsable</h2>



<p>Associació Leader Illa de Menorca, (G57111833)<br>Carretera Maó – Es Grau, km 0,5<br>07700 – Maó (Menorca)<br><a href="mailto:lea&#100;&#101;&#114;.menorca&#64;&#99;i&#109;&#101;.&#101;s">le&#97;der&#46;&#109;&#101;n&#111;&#114;&#99;&#97;&#64;cim&#101;.&#101;&#115;</a></p>



<h2 class="wp-block-heading">Finalitats, legitimació i conservació dels tractaments de les dades enviades a través de:</h2>



<p><strong>FORMULARI DE CONTACTE</strong></p>



<ul class="wp-block-list"><li>Finalitat: Facilitar-li un mitjà perquè pugui posar-se en contacte amb nosaltres i contestar a les seves sol·licituds d&#8217;informació, així com enviar-li comunicacions dels nostres productes, serveis i activitats, inclusivament per mitjans electrònics (Correu electrònic, SMS,&nbsp;WhatsApp), si marca la casella d&#8217;acceptació.</li><li>Legitimació: El consentiment de l&#8217;usuari en sol·licitar-nos informació a través del nostre formulari de contactes i en marcar la casella d&#8217;acceptació d&#8217;enviament d&#8217;informació.</li><li>Conservació: Una vegada resulta la seva sol·licitud per mitjà del nostre formulari o contestada per correu electrònic, si no ha generat un nou tractament, i en cas d&#8217;haver acceptat rebre enviaments comercials, fins que sol·liciti la baixa dels mateixos.</li></ul>



<p><strong>ENVIAMENT DE CORREUS ELECTRÒNICS</strong></p>



<ul class="wp-block-list"><li>Finalitat: Contestar a les seves sol·licituds d&#8217;informació, atendre les seves peticions i respondre les seves consultes o dubtes.</li><li>Legitimació: El consentiment de l&#8217;usuari en sol·licitar-nos informació a través de l&#8217;adreça de correu electrònic.</li><li>Conservació: Una vegada resulta contestada la seva petició per correu electrònic, si no ha generat un nou tractament.</li></ul>



<h2 class="wp-block-heading">Destinataris de les seves dades</h2>



<p>Les seves dades són confidencials i no se cediran a tercers, tret que es requereixi per gestionar els serveis contractats o que existeixi obligació legal.</p>



<h2 class="wp-block-heading">Drets en relació amb les seves dades personals</h2>



<p>Qualsevol persona pot retirar el seu consentiment a qualsevol moment, quan el mateix s&#8217;hagi atorgat per al tractament de les seves dades. En cap cas, la retirada d&#8217;aquest consentiment condiciona l&#8217;execució del contracte de subscripció o les relacions generades amb anterioritat.<br>Igualment, pot exercir els següents drets:</p>



<ul class="wp-block-list"><li>Sol·licitar l&#8217;accés a les seves dades personals o la seva rectificació quan siguin inexactes.</li><li>Sol·licitar la seva supressió quan, entre altres motius, les dades ja no siguin necessàries per a les finalitats pels quals van ser recollides.</li><li>Sol·licitar la limitació del seu tractament en determinades circumstàncies.</li><li>Sol·licitar l&#8217;oposició al tractament de les seves dades per motius relacionats amb la seva situació particular.</li><li>Sol·licitar la portabilitat de les dades en els casos previstos a la normativa.</li><li>Altres drets reconeguts en les normatives aplicables.</li></ul>



<p>On i com sol·licitar els seus Drets: Mitjançant un escrit dirigit al responsable a la seva adreça postal o electrònica (indicades a l&#8217;apartat A), indicant la referencia “Dades Personals”, especificant el dret que es vol exercir i respecte a quines dades personals.</p>



<p>En cas de divergències amb l&#8217;empresa en relació amb el tractament de les seves dades, pot presentar una reclamació davant l&#8217;Autoritat de Protecció de Dades (<a href="http://www.agpd.es/" target="_blank" rel="noreferrer noopener">www.agpd.es</a>).</p>



<h2 class="wp-block-heading">Cookies</h2>



<p>Aquesta pàgina web, únicament utilitza cookies tècniques, de personalització i anàlisi, pròpies i de tercers, que en cap cas tracten dades de caràcter personal ni capten hàbits de navegació per a finalitats publicitàries.</p>



<p>Per això, en accedir a la nostra web, en compliment de l&#8217;article 22 de la Llei de Serveis de la Societat de la Informació, en tractar&nbsp;cookies d&#8217;anàlisi, li hem sol·licitat el seu consentiment per al seu ús i facilitat informació de les mateixes, que en tot cas s&#8217;instal·laran passat un termini de temps prudencial perquè l&#8217;usuari tingui temps de decidir prestar el seu consentiment o no.</p>



<h2 class="wp-block-heading">Seguretat de les seves dades personals</h2>



<p>Amb l&#8217;objectiu de salvaguardar la seguretat de les seves dades personals, l’informem que hem adoptat totes les mesures tècniques i organitzatives necessàries per garantir la seguretat de les dades personals subministrades de la seva alteració, pèrdua, i tractaments o accessos no autoritzats.</p>



<h2 class="wp-block-heading">Actualització de les seves dades</h2>



<p>És important que perquè puguem mantenir les seves dades personals actualitzades, ens informi sempre que hi hagi hagut alguna modificació en ells, en cas contrari, no respondrem de la veracitat dels mateixos.</p>



<p>No ens fem responsables de la política de privadesa respecte a les dades personals que pugui facilitar a tercers per mitjà dels enllaços disponibles a la nostra pàgina web.</p>



<p>La present Política de Privadesa pot ser modificada per adaptar-les als canvis que es produeixin al nostre web, així com modificacions legislatives o jurisprudencials sobre dades personals que vagin apareixent, per la qual cosa exigeix la seva lectura, cada vegada que ens faciliti les seves dades a través d&#8217;aquesta Web.</p>

<p>La confidencialitat i la seguretat són dos dels nostres valors primordials  i, en conseqüència, assumim el compromís de garantir la privadesa de l&#8217;usuari en tot moment i de no recaptar informació innecessària. A continuació, li proporcionem tota la informació necessària sobre la nostra Política de privadesa en relació amb les dades personals que recaptem, explicant-li:&hellip;</p>

<!-- This site is optimized with the Yoast SEO plugin v23.6 - https://yoast.com/wordpress/plugins/seo/ -->
<title>Política de privadesa a les xarxes socials - Menorca al plat</title>
<meta name="robots" content="index, follow, max-snippet:-1, max-image-preview:large, max-video-preview:-1" />
<link rel="canonical" href="https://menorcalplat.com/joventut/politica-de-privadesa-a-les-xarxes-socials/" />
<meta property="og:locale" content="ca_ES" />
<meta property="og:type" content="article" />
<meta property="og:title" content="Política de privadesa a les xarxes socials - Menorca al plat" />
<meta property="og:description" content="La confidencialitat i la seguretat són dos dels nostres valors primordials  i, en conseqüència, assumim el compromís de garantir la privadesa de l&#8217;usuari en tot moment i de no recaptar informació innecessària. A continuació, li proporcionem tota la informació necessària sobre la nostra Política de privadesa en relació amb les dades personals que recaptem, explicant-li:&hellip;" />
<meta property="og:url" content="https://menorcalplat.com/joventut/politica-de-privadesa-a-les-xarxes-socials/" />
<meta property="og:site_name" content="Menorca al plat" />
<meta property="article:modified_time" content="2020-10-13T09:38:17+00:00" />
<meta name="twitter:card" content="summary_large_image" />
<meta name="twitter:label1" content="Temps estimat de lectura" />
	<meta name="twitter:data1" content="4 minuts" />
<script type="application/ld+json" class="yoast-schema-graph">{"@context":"https://schema.org","@graph":[{"@type":"WebPage","@id":"https://menorcalplat.com/joventut/politica-de-privadesa-a-les-xarxes-socials/","url":"https://menorcalplat.com/joventut/politica-de-privadesa-a-les-xarxes-socials/","name":"Política de privadesa a les xarxes socials - Menorca al plat","isPartOf":{"@id":"https://menorcalplat.com/joventut/es/#website"},"datePublished":"2020-09-26T11:33:22+00:00","dateModified":"2020-10-13T09:38:17+00:00","inLanguage":"ca","potentialAction":[{"@type":"ReadAction","target":["https://menorcalplat.com/joventut/politica-de-privadesa-a-les-xarxes-socials/"]}]},{"@type":"WebSite","@id":"https://menorcalplat.com/joventut/es/#website","url":"https://menorcalplat.com/joventut/es/","name":"Menorca al plat","description":"de la joventut","potentialAction":[{"@type":"SearchAction","target":{"@type":"EntryPoint","urlTemplate":"https://menorcalplat.com/joventut/es/?s={search_term_string}"},"query-input":{"@type":"PropertyValueSpecification","valueRequired":true,"valueName":"search_term_string"}}],"inLanguage":"ca"}]}</script>
<!-- / Yoast SEO plugin. -->

Política de privadesa a les xarxes socials - Menorca al plat

La confidencialitat i la seguretat són dos dels nostres valors primordials  i, en conseqüència, assumim el compromís de garantir la privadesa de l&#8217;usuari en tot moment i de no recaptar informació innecessària. A continuació, li proporcionem tota la informació necessària sobre la nostra Política de privadesa en relació amb les dades personals que recaptem, explicant-li:&hellip;
