{"id":635,"date":"2020-10-22T10:54:49","date_gmt":"2020-10-22T08:54:49","guid":{"rendered":"http:\/\/menorcalplat.com\/joventut\/contacto\/"},"modified":"2021-02-24T09:49:12","modified_gmt":"2021-02-24T08:49:12","slug":"contacto","status":"publish","type":"page","link":"https:\/\/menorcalplat.com\/joventut\/es\/contacto\/","title":{"rendered":"Contacto"},"content":{"rendered":"\t\t<div data-elementor-type=\"wp-page\" data-elementor-id=\"635\" class=\"elementor elementor-635 elementor-22\" data-elementor-post-type=\"page\">\n\t\t\t\t\t\t<section class=\"elementor-section elementor-top-section elementor-element elementor-element-12855291 elementor-section-height-min-height elementor-section-content-middle elementor-section-boxed elementor-section-height-default elementor-section-items-middle\" data-id=\"12855291\" data-element_type=\"section\" data-settings=\"{&quot;background_background&quot;:&quot;classic&quot;}\">\n\t\t\t\t\t\t<div class=\"elementor-container elementor-column-gap-default\">\n\t\t\t\t\t<div class=\"elementor-column elementor-col-50 elementor-top-column elementor-element elementor-element-ba66461\" data-id=\"ba66461\" data-element_type=\"column\">\n\t\t\t<div class=\"elementor-widget-wrap elementor-element-populated\">\n\t\t\t\t\t\t<div class=\"elementor-element elementor-element-311b1b5c elementor-widget elementor-widget-heading\" data-id=\"311b1b5c\" data-element_type=\"widget\" data-widget_type=\"heading.default\">\n\t\t\t\t<div class=\"elementor-widget-container\">\n\t\t\t<h1 class=\"elementor-heading-title elementor-size-xl\">Contacto<\/h1>\t\t<\/div>\n\t\t\t\t<\/div>\n\t\t\t\t\t<\/div>\n\t\t<\/div>\n\t\t\t\t<div class=\"elementor-column elementor-col-50 elementor-top-column elementor-element elementor-element-3803e1ba\" data-id=\"3803e1ba\" data-element_type=\"column\">\n\t\t\t<div class=\"elementor-widget-wrap\">\n\t\t\t\t\t\t\t<\/div>\n\t\t<\/div>\n\t\t\t\t\t<\/div>\n\t\t<\/section>\n\t\t\t\t<section class=\"elementor-section elementor-top-section elementor-element elementor-element-9201060 elementor-section-content-middle elementor-section-boxed elementor-section-height-default elementor-section-height-default\" data-id=\"9201060\" data-element_type=\"section\">\n\t\t\t\t\t\t<div class=\"elementor-container elementor-column-gap-default\">\n\t\t\t\t\t<div class=\"elementor-column elementor-col-50 elementor-top-column elementor-element elementor-element-cf7f9c2\" data-id=\"cf7f9c2\" data-element_type=\"column\">\n\t\t\t<div class=\"elementor-widget-wrap elementor-element-populated\">\n\t\t\t\t\t\t<div class=\"elementor-element elementor-element-78bc54a elementor-widget elementor-widget-heading\" data-id=\"78bc54a\" data-element_type=\"widget\" data-widget_type=\"heading.default\">\n\t\t\t\t<div class=\"elementor-widget-container\">\n\t\t\t<h4 class=\"elementor-heading-title elementor-size-default\">Menorca en el Plato de la Juventud es un proyecto financiado por la Asociaci\u00f3n Leader Illa de Menorca con fondos FEADER<\/h4>\t\t<\/div>\n\t\t\t\t<\/div>\n\t\t\t\t<div class=\"elementor-element elementor-element-8a923d5 elementor-widget elementor-widget-spacer\" data-id=\"8a923d5\" data-element_type=\"widget\" data-widget_type=\"spacer.default\">\n\t\t\t\t<div class=\"elementor-widget-container\">\n\t\t\t\t\t<div class=\"elementor-spacer\">\n\t\t\t<div class=\"elementor-spacer-inner\"><\/div>\n\t\t<\/div>\n\t\t\t\t<\/div>\n\t\t\t\t<\/div>\n\t\t\t\t<div class=\"elementor-element elementor-element-8ea2584 elementor-widget elementor-widget-map-contacte\" data-id=\"8ea2584\" data-element_type=\"widget\" data-widget_type=\"map-contacte.default\">\n\t\t\t\t<div class=\"elementor-widget-container\">\n\t\t\t<div class=\"widget-contacte\">\n  <ul class=\"info-contacto list-unstyled mb-4\" itemprop=\"address\" itemscope itemtype=\"http:\/\/schema.org\/PostalAddress\">\n      <li><h5 class=\"mb-0\">Associaci\u00f3 Leader Illa de Menorca<\/h5><\/li>\n  \t\t<li itemprop=\"streetAddress\">Carretera Ma\u00f3 \u2013 Es Grau, km 0,5<\/li>\n  \t\t<li class=\"mb-2\"><span itemprop=\"postalCode\">07700<\/span> <span itemprop=\"addressLocality\">Mah\u00f3n<\/span> <span class=\"upp\" itemprop=\"addressRegion\">(Menorca)<\/span><\/li>\n  \t\t  \t\t    <li class=\"mb-2\">T. <a href=\"0034 971 355 660\">+34 971 355 660<\/a><\/li>\n  \t\t  \t\t<li><a href=\"mailto:le&#97;d&#101;&#114;.m&#101;&#110;o&#114;c&#97;&#64;&#99;ime.e&#115;\">l&#101;ad&#101;&#114;&#46;meno&#114;c&#97;&#64;&#99;i&#109;e&#46;e&#115;<\/a><\/li>  <\/ul>\n\n<\/div>\t\t<\/div>\n\t\t\t\t<\/div>\n\t\t\t\t\t<\/div>\n\t\t<\/div>\n\t\t\t\t<div class=\"elementor-column elementor-col-50 elementor-top-column elementor-element elementor-element-f8fbc54\" data-id=\"f8fbc54\" data-element_type=\"column\">\n\t\t\t<div class=\"elementor-widget-wrap elementor-element-populated\">\n\t\t\t\t\t\t<div class=\"elementor-element elementor-element-a87534c elementor-widget elementor-widget-image\" data-id=\"a87534c\" data-element_type=\"widget\" data-widget_type=\"image.default\">\n\t\t\t\t<div class=\"elementor-widget-container\">\n\t\t\t\t\t\t\t\t\t\t\t\t\t<img fetchpriority=\"high\" decoding=\"async\" width=\"522\" height=\"522\" src=\"https:\/\/menorcalplat.com\/joventut\/wp-content\/uploads\/2021\/02\/icona-map.svg\" class=\"attachment-large size-large wp-image-856\" alt=\"menorca al plat joventut\" \/>\t\t\t\t\t\t\t\t\t\t\t\t\t<\/div>\n\t\t\t\t<\/div>\n\t\t\t\t\t<\/div>\n\t\t<\/div>\n\t\t\t\t\t<\/div>\n\t\t<\/section>\n\t\t\t\t<section class=\"elementor-section elementor-top-section elementor-element elementor-element-00bf48e elementor-section-boxed elementor-section-height-default elementor-section-height-default\" data-id=\"00bf48e\" data-element_type=\"section\">\n\t\t\t\t\t\t<div class=\"elementor-container elementor-column-gap-default\">\n\t\t\t\t\t<div class=\"elementor-column elementor-col-100 elementor-top-column elementor-element elementor-element-aee72fc\" data-id=\"aee72fc\" data-element_type=\"column\">\n\t\t\t<div class=\"elementor-widget-wrap elementor-element-populated\">\n\t\t\t\t\t\t<div class=\"elementor-element elementor-element-7a312da elementor-widget-divider--view-line elementor-widget elementor-widget-divider\" data-id=\"7a312da\" data-element_type=\"widget\" data-widget_type=\"divider.default\">\n\t\t\t\t<div class=\"elementor-widget-container\">\n\t\t\t\t\t<div class=\"elementor-divider\">\n\t\t\t<span class=\"elementor-divider-separator\">\n\t\t\t\t\t\t<\/span>\n\t\t<\/div>\n\t\t\t\t<\/div>\n\t\t\t\t<\/div>\n\t\t\t\t\t<\/div>\n\t\t<\/div>\n\t\t\t\t\t<\/div>\n\t\t<\/section>\n\t\t\t\t<\/div>\n\t\t","protected":false},"excerpt":{"rendered":"<p>Contacto Menorca en el Plato de la Juventud es un proyecto financiado por la Asociaci\u00f3n Leader Illa de Menorca con fondos FEADER Associaci\u00f3 Leader Illa de Menorca Carretera Ma\u00f3 \u2013 Es Grau, km 0,5 07700 Ma\u00f3 (Menorca) T. +34 971 355 660 &#108;&#101;&#97;der&#46;m&#101;&#110;o&#114;&#99;&#97;&#64;&#99;&#105;&#109;e.e&#115;<\/p>\n","protected":false},"author":1,"featured_media":0,"parent":0,"menu_order":0,"comment_status":"closed","ping_status":"closed","template":"","meta":{"_acf_changed":false,"footnotes":""},"class_list":["post-635","page","type-page","status-publish","hentry"],"acf":[],"yoast_head":"<!-- This site is optimized with the Yoast SEO plugin v23.6 - https:\/\/yoast.com\/wordpress\/plugins\/seo\/ -->\n<title>Contacto - Menorca al plat<\/title>\n<meta name=\"robots\" content=\"index, follow, max-snippet:-1, max-image-preview:large, max-video-preview:-1\" \/>\n<link rel=\"canonical\" href=\"https:\/\/menorcalplat.com\/joventut\/es\/contacto\/\" \/>\n<meta property=\"og:locale\" content=\"es_ES\" \/>\n<meta property=\"og:type\" content=\"article\" \/>\n<meta property=\"og:title\" content=\"Contacto - Menorca al plat\" \/>\n<meta property=\"og:description\" content=\"Contacto Menorca en el Plato de la Juventud es un proyecto financiado por la Asociaci\u00f3n Leader Illa de Menorca con fondos FEADER Associaci\u00f3 Leader Illa de Menorca Carretera Ma\u00f3 \u2013 Es Grau, km 0,5 07700 Ma\u00f3 (Menorca) T. +34 971 355 660 &#108;&#101;&#097;der&#046;m&#101;&#110;o&#114;&#099;&#097;&#064;&#099;&#105;&#109;e.e&#115;\" \/>\n<meta property=\"og:url\" content=\"https:\/\/menorcalplat.com\/joventut\/es\/contacto\/\" \/>\n<meta property=\"og:site_name\" content=\"Menorca al plat\" \/>\n<meta property=\"article:modified_time\" content=\"2021-02-24T08:49:12+00:00\" \/>\n<meta property=\"og:image\" content=\"http:\/\/menorcalplat.com\/joventut\/wp-content\/uploads\/2021\/02\/icona-map.svg\" \/>\n<meta name=\"twitter:card\" content=\"summary_large_image\" \/>\n<meta name=\"twitter:label1\" content=\"Tiempo de lectura\" \/>\n\t<meta name=\"twitter:data1\" content=\"1 minuto\" \/>\n<script type=\"application\/ld+json\" class=\"yoast-schema-graph\">{\"@context\":\"https:\/\/schema.org\",\"@graph\":[{\"@type\":\"WebPage\",\"@id\":\"https:\/\/menorcalplat.com\/joventut\/es\/contacto\/\",\"url\":\"https:\/\/menorcalplat.com\/joventut\/es\/contacto\/\",\"name\":\"Contacto - Menorca al plat\",\"isPartOf\":{\"@id\":\"https:\/\/menorcalplat.com\/joventut\/es\/#website\"},\"primaryImageOfPage\":{\"@id\":\"https:\/\/menorcalplat.com\/joventut\/es\/contacto\/#primaryimage\"},\"image\":{\"@id\":\"https:\/\/menorcalplat.com\/joventut\/es\/contacto\/#primaryimage\"},\"thumbnailUrl\":\"http:\/\/menorcalplat.com\/joventut\/wp-content\/uploads\/2021\/02\/icona-map.svg\",\"datePublished\":\"2020-10-22T08:54:49+00:00\",\"dateModified\":\"2021-02-24T08:49:12+00:00\",\"inLanguage\":\"es\",\"potentialAction\":[{\"@type\":\"ReadAction\",\"target\":[\"https:\/\/menorcalplat.com\/joventut\/es\/contacto\/\"]}]},{\"@type\":\"ImageObject\",\"inLanguage\":\"es\",\"@id\":\"https:\/\/menorcalplat.com\/joventut\/es\/contacto\/#primaryimage\",\"url\":\"http:\/\/menorcalplat.com\/joventut\/wp-content\/uploads\/2021\/02\/icona-map.svg\",\"contentUrl\":\"http:\/\/menorcalplat.com\/joventut\/wp-content\/uploads\/2021\/02\/icona-map.svg\"},{\"@type\":\"WebSite\",\"@id\":\"https:\/\/menorcalplat.com\/joventut\/es\/#website\",\"url\":\"https:\/\/menorcalplat.com\/joventut\/es\/\",\"name\":\"Menorca al plat\",\"description\":\"de la joventut\",\"potentialAction\":[{\"@type\":\"SearchAction\",\"target\":{\"@type\":\"EntryPoint\",\"urlTemplate\":\"https:\/\/menorcalplat.com\/joventut\/es\/?s={search_term_string}\"},\"query-input\":{\"@type\":\"PropertyValueSpecification\",\"valueRequired\":true,\"valueName\":\"search_term_string\"}}],\"inLanguage\":\"es\"}]}<\/script>\n<!-- \/ Yoast SEO plugin. -->","yoast_head_json":{"title":"Contacto - Menorca al plat","robots":{"index":"index","follow":"follow","max-snippet":"max-snippet:-1","max-image-preview":"max-image-preview:large","max-video-preview":"max-video-preview:-1"},"canonical":"https:\/\/menorcalplat.com\/joventut\/es\/contacto\/","og_locale":"es_ES","og_type":"article","og_title":"Contacto - Menorca al plat","og_description":"Contacto Menorca en el Plato de la Juventud es un proyecto financiado por la Asociaci\u00f3n Leader Illa de Menorca con fondos FEADER Associaci\u00f3 Leader Illa de Menorca Carretera Ma\u00f3 \u2013 Es Grau, km 0,5 07700 Ma\u00f3 (Menorca) T. +34 971 355 660 &#108;&#101;&#97;der&#46;m&#101;&#110;o&#114;&#99;&#97;&#64;&#99;&#105;&#109;e.e&#115;","og_url":"https:\/\/menorcalplat.com\/joventut\/es\/contacto\/","og_site_name":"Menorca al plat","article_modified_time":"2021-02-24T08:49:12+00:00","og_image":[{"url":"http:\/\/menorcalplat.com\/joventut\/wp-content\/uploads\/2021\/02\/icona-map.svg"}],"twitter_card":"summary_large_image","twitter_misc":{"Tiempo de lectura":"1 minuto"},"schema":{"@context":"https:\/\/schema.org","@graph":[{"@type":"WebPage","@id":"https:\/\/menorcalplat.com\/joventut\/es\/contacto\/","url":"https:\/\/menorcalplat.com\/joventut\/es\/contacto\/","name":"Contacto - Menorca al plat","isPartOf":{"@id":"https:\/\/menorcalplat.com\/joventut\/es\/#website"},"primaryImageOfPage":{"@id":"https:\/\/menorcalplat.com\/joventut\/es\/contacto\/#primaryimage"},"image":{"@id":"https:\/\/menorcalplat.com\/joventut\/es\/contacto\/#primaryimage"},"thumbnailUrl":"http:\/\/menorcalplat.com\/joventut\/wp-content\/uploads\/2021\/02\/icona-map.svg","datePublished":"2020-10-22T08:54:49+00:00","dateModified":"2021-02-24T08:49:12+00:00","inLanguage":"es","potentialAction":[{"@type":"ReadAction","target":["https:\/\/menorcalplat.com\/joventut\/es\/contacto\/"]}]},{"@type":"ImageObject","inLanguage":"es","@id":"https:\/\/menorcalplat.com\/joventut\/es\/contacto\/#primaryimage","url":"http:\/\/menorcalplat.com\/joventut\/wp-content\/uploads\/2021\/02\/icona-map.svg","contentUrl":"http:\/\/menorcalplat.com\/joventut\/wp-content\/uploads\/2021\/02\/icona-map.svg"},{"@type":"WebSite","@id":"https:\/\/menorcalplat.com\/joventut\/es\/#website","url":"https:\/\/menorcalplat.com\/joventut\/es\/","name":"Menorca al plat","description":"de la joventut","potentialAction":[{"@type":"SearchAction","target":{"@type":"EntryPoint","urlTemplate":"https:\/\/menorcalplat.com\/joventut\/es\/?s={search_term_string}"},"query-input":{"@type":"PropertyValueSpecification","valueRequired":true,"valueName":"search_term_string"}}],"inLanguage":"es"}]}},"_links":{"self":[{"href":"https:\/\/menorcalplat.com\/joventut\/es\/wp-json\/wp\/v2\/pages\/635"}],"collection":[{"href":"https:\/\/menorcalplat.com\/joventut\/es\/wp-json\/wp\/v2\/pages"}],"about":[{"href":"https:\/\/menorcalplat.com\/joventut\/es\/wp-json\/wp\/v2\/types\/page"}],"author":[{"embeddable":true,"href":"https:\/\/menorcalplat.com\/joventut\/es\/wp-json\/wp\/v2\/users\/1"}],"replies":[{"embeddable":true,"href":"https:\/\/menorcalplat.com\/joventut\/es\/wp-json\/wp\/v2\/comments?post=635"}],"version-history":[{"count":10,"href":"https:\/\/menorcalplat.com\/joventut\/es\/wp-json\/wp\/v2\/pages\/635\/revisions"}],"predecessor-version":[{"id":1195,"href":"https:\/\/menorcalplat.com\/joventut\/es\/wp-json\/wp\/v2\/pages\/635\/revisions\/1195"}],"wp:attachment":[{"href":"https:\/\/menorcalplat.com\/joventut\/es\/wp-json\/wp\/v2\/media?parent=635"}],"curies":[{"name":"wp","href":"https:\/\/api.w.org\/{rel}","templated":true}]}}

<div data-elementor-type="wp-page" data-elementor-id="635" class="elementor elementor-635 elementor-22" data-elementor-post-type="page">
						<section class="elementor-section elementor-top-section elementor-element elementor-element-12855291 elementor-section-height-min-height elementor-section-content-middle elementor-section-boxed elementor-section-height-default elementor-section-items-middle" data-id="12855291" data-element_type="section" data-settings="{&quot;background_background&quot;:&quot;classic&quot;}">
						<div class="elementor-container elementor-column-gap-default">
					<div class="elementor-column elementor-col-50 elementor-top-column elementor-element elementor-element-ba66461" data-id="ba66461" data-element_type="column">
			<div class="elementor-widget-wrap elementor-element-populated">
						<div class="elementor-element elementor-element-311b1b5c elementor-widget elementor-widget-heading" data-id="311b1b5c" data-element_type="widget" data-widget_type="heading.default">
				<div class="elementor-widget-container">
			<h1 class="elementor-heading-title elementor-size-xl">Contacto</h1>		</div>
				</div>
					</div>
		</div>
				<div class="elementor-column elementor-col-50 elementor-top-column elementor-element elementor-element-3803e1ba" data-id="3803e1ba" data-element_type="column">
			<div class="elementor-widget-wrap">
							</div>
		</div>
					</div>
		</section>
				<section class="elementor-section elementor-top-section elementor-element elementor-element-9201060 elementor-section-content-middle elementor-section-boxed elementor-section-height-default elementor-section-height-default" data-id="9201060" data-element_type="section">
						<div class="elementor-container elementor-column-gap-default">
					<div class="elementor-column elementor-col-50 elementor-top-column elementor-element elementor-element-cf7f9c2" data-id="cf7f9c2" data-element_type="column">
			<div class="elementor-widget-wrap elementor-element-populated">
						<div class="elementor-element elementor-element-78bc54a elementor-widget elementor-widget-heading" data-id="78bc54a" data-element_type="widget" data-widget_type="heading.default">
				<div class="elementor-widget-container">
			<h4 class="elementor-heading-title elementor-size-default">Menorca en el Plato de la Juventud es un proyecto financiado por la Asociación Leader Illa de Menorca con fondos FEADER</h4>		</div>
				</div>
				<div class="elementor-element elementor-element-8a923d5 elementor-widget elementor-widget-spacer" data-id="8a923d5" data-element_type="widget" data-widget_type="spacer.default">
				<div class="elementor-widget-container">
					<div class="elementor-spacer">
			<div class="elementor-spacer-inner"></div>
		</div>
				</div>
				</div>
				<div class="elementor-element elementor-element-8ea2584 elementor-widget elementor-widget-map-contacte" data-id="8ea2584" data-element_type="widget" data-widget_type="map-contacte.default">
				<div class="elementor-widget-container">
			<div class="widget-contacte">
  <ul class="info-contacto list-unstyled mb-4" itemprop="address" itemscope itemtype="http://schema.org/PostalAddress">
      <li><h5 class="mb-0">Associació Leader Illa de Menorca</h5></li>
  		<li itemprop="streetAddress">Carretera Maó – Es Grau, km 0,5</li>
  		<li class="mb-2"><span itemprop="postalCode">07700</span> <span itemprop="addressLocality">Mahón</span> <span class="upp" itemprop="addressRegion">(Menorca)</span></li>
  		  		    <li class="mb-2">T. <a href="0034 971 355 660">+34 971 355 660</a></li>
  		  		<li><a href="mailto:le&#97;d&#101;&#114;.m&#101;&#110;o&#114;c&#97;&#64;&#99;ime.e&#115;">l&#101;ad&#101;&#114;&#46;meno&#114;c&#97;&#64;&#99;i&#109;e&#46;e&#115;</a></li>  </ul>

</div>		</div>
				</div>
					</div>
		</div>
				<div class="elementor-column elementor-col-50 elementor-top-column elementor-element elementor-element-f8fbc54" data-id="f8fbc54" data-element_type="column">
			<div class="elementor-widget-wrap elementor-element-populated">
						<div class="elementor-element elementor-element-a87534c elementor-widget elementor-widget-image" data-id="a87534c" data-element_type="widget" data-widget_type="image.default">
				<div class="elementor-widget-container">
													<img fetchpriority="high" decoding="async" width="522" height="522" src="https://menorcalplat.com/joventut/wp-content/uploads/2021/02/icona-map.svg" class="attachment-large size-large wp-image-856" alt="menorca al plat joventut" />													</div>
				</div>
					</div>
		</div>
					</div>
		</section>
				<section class="elementor-section elementor-top-section elementor-element elementor-element-00bf48e elementor-section-boxed elementor-section-height-default elementor-section-height-default" data-id="00bf48e" data-element_type="section">
						<div class="elementor-container elementor-column-gap-default">
					<div class="elementor-column elementor-col-100 elementor-top-column elementor-element elementor-element-aee72fc" data-id="aee72fc" data-element_type="column">
			<div class="elementor-widget-wrap elementor-element-populated">
						<div class="elementor-element elementor-element-7a312da elementor-widget-divider--view-line elementor-widget elementor-widget-divider" data-id="7a312da" data-element_type="widget" data-widget_type="divider.default">
				<div class="elementor-widget-container">
					<div class="elementor-divider">
			<span class="elementor-divider-separator">
						</span>
		</div>
				</div>
				</div>
					</div>
		</div>
					</div>
		</section>
				</div>

<p>Contacto Menorca en el Plato de la Juventud es un proyecto financiado por la Asociación Leader Illa de Menorca con fondos FEADER Associació Leader Illa de Menorca Carretera Maó – Es Grau, km 0,5 07700 Maó (Menorca) T. +34 971 355 660 &#108;&#101;&#97;der&#46;m&#101;&#110;o&#114;&#99;&#97;&#64;&#99;&#105;&#109;e.e&#115;</p>

<!-- This site is optimized with the Yoast SEO plugin v23.6 - https://yoast.com/wordpress/plugins/seo/ -->
<title>Contacto - Menorca al plat</title>
<meta name="robots" content="index, follow, max-snippet:-1, max-image-preview:large, max-video-preview:-1" />
<link rel="canonical" href="https://menorcalplat.com/joventut/es/contacto/" />
<meta property="og:locale" content="es_ES" />
<meta property="og:type" content="article" />
<meta property="og:title" content="Contacto - Menorca al plat" />
<meta property="og:description" content="Contacto Menorca en el Plato de la Juventud es un proyecto financiado por la Asociación Leader Illa de Menorca con fondos FEADER Associació Leader Illa de Menorca Carretera Maó – Es Grau, km 0,5 07700 Maó (Menorca) T. +34 971 355 660 &#108;&#101;&#097;der&#046;m&#101;&#110;o&#114;&#099;&#097;&#064;&#099;&#105;&#109;e.e&#115;" />
<meta property="og:url" content="https://menorcalplat.com/joventut/es/contacto/" />
<meta property="og:site_name" content="Menorca al plat" />
<meta property="article:modified_time" content="2021-02-24T08:49:12+00:00" />
<meta property="og:image" content="http://menorcalplat.com/joventut/wp-content/uploads/2021/02/icona-map.svg" />
<meta name="twitter:card" content="summary_large_image" />
<meta name="twitter:label1" content="Tiempo de lectura" />
	<meta name="twitter:data1" content="1 minuto" />
<script type="application/ld+json" class="yoast-schema-graph">{"@context":"https://schema.org","@graph":[{"@type":"WebPage","@id":"https://menorcalplat.com/joventut/es/contacto/","url":"https://menorcalplat.com/joventut/es/contacto/","name":"Contacto - Menorca al plat","isPartOf":{"@id":"https://menorcalplat.com/joventut/es/#website"},"primaryImageOfPage":{"@id":"https://menorcalplat.com/joventut/es/contacto/#primaryimage"},"image":{"@id":"https://menorcalplat.com/joventut/es/contacto/#primaryimage"},"thumbnailUrl":"http://menorcalplat.com/joventut/wp-content/uploads/2021/02/icona-map.svg","datePublished":"2020-10-22T08:54:49+00:00","dateModified":"2021-02-24T08:49:12+00:00","inLanguage":"es","potentialAction":[{"@type":"ReadAction","target":["https://menorcalplat.com/joventut/es/contacto/"]}]},{"@type":"ImageObject","inLanguage":"es","@id":"https://menorcalplat.com/joventut/es/contacto/#primaryimage","url":"http://menorcalplat.com/joventut/wp-content/uploads/2021/02/icona-map.svg","contentUrl":"http://menorcalplat.com/joventut/wp-content/uploads/2021/02/icona-map.svg"},{"@type":"WebSite","@id":"https://menorcalplat.com/joventut/es/#website","url":"https://menorcalplat.com/joventut/es/","name":"Menorca al plat","description":"de la joventut","potentialAction":[{"@type":"SearchAction","target":{"@type":"EntryPoint","urlTemplate":"https://menorcalplat.com/joventut/es/?s={search_term_string}"},"query-input":{"@type":"PropertyValueSpecification","valueRequired":true,"valueName":"search_term_string"}}],"inLanguage":"es"}]}</script>
<!-- / Yoast SEO plugin. -->

Contacto Menorca en el Plato de la Juventud es un proyecto financiado por la Asociación Leader Illa de Menorca con fondos FEADER Associació Leader Illa de Menorca Carretera Maó – Es Grau, km 0,5 07700 Maó (Menorca) T. +34 971 355 660 &#108;&#101;&#97;der&#46;m&#101;&#110;o&#114;&#99;&#97;&#64;&#99;&#105;&#109;e.e&#115;
