{"version":"1.0","provider_name":"Menorca al plat","provider_url":"https:\/\/menorcalplat.com\/joventut\/es\/","author_name":"M_Disseny","author_url":"https:\/\/menorcalplat.com\/joventut\/es\/author\/m_disseny\/","title":"Contacto - Menorca al plat","type":"rich","width":600,"height":338,"html":"<blockquote class=\"wp-embedded-content\" data-secret=\"6hWWFAMpMv\"><a href=\"https:\/\/menorcalplat.com\/joventut\/es\/contacto\/\">Contacto<\/a><\/blockquote><iframe sandbox=\"allow-scripts\" security=\"restricted\" src=\"https:\/\/menorcalplat.com\/joventut\/es\/contacto\/embed\/#?secret=6hWWFAMpMv\" width=\"600\" height=\"338\" title=\"\u00abContacto\u00bb \u2014 Menorca al plat\" data-secret=\"6hWWFAMpMv\" frameborder=\"0\" marginwidth=\"0\" marginheight=\"0\" scrolling=\"no\" class=\"wp-embedded-content\"><\/iframe><script type=\"text\/javascript\">\n\/* <![CDATA[ *\/\n\/*! This file is auto-generated *\/\n!function(d,l){\"use strict\";l.querySelector&&d.addEventListener&&\"undefined\"!=typeof URL&&(d.wp=d.wp||{},d.wp.receiveEmbedMessage||(d.wp.receiveEmbedMessage=function(e){var t=e.data;if((t||t.secret||t.message||t.value)&&!\/[^a-zA-Z0-9]\/.test(t.secret)){for(var s,r,n,a=l.querySelectorAll('iframe[data-secret=\"'+t.secret+'\"]'),o=l.querySelectorAll('blockquote[data-secret=\"'+t.secret+'\"]'),c=new RegExp(\"^https?:$\",\"i\"),i=0;i<o.length;i++)o[i].style.display=\"none\";for(i=0;i<a.length;i++)s=a[i],e.source===s.contentWindow&&(s.removeAttribute(\"style\"),\"height\"===t.message?(1e3<(r=parseInt(t.value,10))?r=1e3:~~r<200&&(r=200),s.height=r):\"link\"===t.message&&(r=new URL(s.getAttribute(\"src\")),n=new URL(t.value),c.test(n.protocol))&&n.host===r.host&&l.activeElement===s&&(d.top.location.href=t.value))}},d.addEventListener(\"message\",d.wp.receiveEmbedMessage,!1),l.addEventListener(\"DOMContentLoaded\",function(){for(var e,t,s=l.querySelectorAll(\"iframe.wp-embedded-content\"),r=0;r<s.length;r++)(t=(e=s[r]).getAttribute(\"data-secret\"))||(t=Math.random().toString(36).substring(2,12),e.src+=\"#?secret=\"+t,e.setAttribute(\"data-secret\",t)),e.contentWindow.postMessage({message:\"ready\",secret:t},\"*\")},!1)))}(window,document);\n\/* ]]> *\/\n<\/script>\n","description":"Contacto Menorca en el Plato de la Juventud es un proyecto financiado por la Asociaci\u00f3n Leader Illa de Menorca con fondos FEADER Associaci\u00f3 Leader Illa de Menorca Carretera Ma\u00f3 \u2013 Es Grau, km 0,5 07700 Ma\u00f3 (Menorca) T. +34 971 355 660 &#108;&#101;&#97;der&#46;m&#101;&#110;o&#114;&#99;&#97;&#64;&#99;&#105;&#109;e.e&#115;","thumbnail_url":"http:\/\/menorcalplat.com\/joventut\/wp-content\/uploads\/2021\/02\/icona-map.svg"}

Contacto Menorca en el Plato de la Juventud es un proyecto financiado por la Asociación Leader Illa de Menorca con fondos FEADER Associació Leader Illa de Menorca Carretera Maó – Es Grau, km 0,5 07700 Maó (Menorca) T. +34 971 355 660 &#108;&#101;&#97;der&#46;m&#101;&#110;o&#114;&#99;&#97;&#64;&#99;&#105;&#109;e.e&#115;
